 derivative of 7*w**3/3 - 9*w**2/2 + 52*w + 38. Let q be c(5). What is the greatest common divisor of r and q?
26
Suppose -178 = -4*f + j, -f + 0*j + 48 = -2*j. Suppose -204*g - 21 = -197*g. Let t be ((-288)/45)/(g/165). What is the greatest common factor of f and t?
44
Let u = -3 + 7. Suppose 1320 = u*s + 484. Let q(k) = 2*k**2 - 12*k - 61. Let i be q(-4). What is the greatest common factor of i and s?
19
Suppose 33*j - 32*j - 160 = 0. Let s = j - 115. Let x = -11 + 71. Calculate the highest common factor of x and s.
15
Let p be (-21)/(-6) - (-6 - 77/(-14)). Suppose -b - 27 = -4*l, 0 = -4*l + p*b + 19 + 17. What is the highest common factor of 156 and l?
6
Suppose 5*s = -2 - 3, -241 = 3*v - 2*s. Let t be 6/(-8) + v/(-12). Suppose 25*f = 31*f - 252. Calculate the highest common factor of f and t.
6
Suppose 0 = -2*t + 4*v + 152, -3*t + 2*v - 5 = -221. Let y(f) = 2266*f - 22630. Let x be y(10). Calculate the highest common divisor of x and t.
10
Let g(v) = -v**3 - 8*v**2 - 8*v + 36. Let w be g(-8). Suppose -12*z + 48 = -7*z - 4*b, 5*z - 2*b - 44 = 0. What is the highest common factor of z and w?
4
Suppose -2*k + a = 596, 3*a = 3*k + 2*a + 896. Let q = 426 + k. What is the highest common divisor of q and 210?
42
Let o = -6516 - -6906. What is the greatest common divisor of o and 1716?
78
Suppose -21 = -p - 4*z, p - 2*z = -3*p + 12. Suppose -63*g + p*g + 58 = 0. What is the highest common factor of g and 17?
1
Let d(u) be the first derivative of 2*u**2 + 65*u - 122. Let i be d(10). Calculate the greatest common factor of 35 and i.
35
Let a be 16/(-36)*39636/(-24). Let k = a + -701. What is the highest common factor of 2 and k?
1
Let p(l) = 3 + 0*l - l - 5 - 4. Let w be p(-9). Suppose g = -w*g + 40. What is the highest common factor of g and 10?
10
Suppose -69 = -4*n + n. Let u = n + -19. Suppose 4*c = 5*z - 76, -8*z = -13*z - 3*c + 48. What is the greatest common divisor of z and u?
4
Suppose w - 430 = 4*y, -w - 115 = 2*y - 533. What is the greatest common factor of 2321 and w?
211
Let l = -17432 - -17474. Let c(u) be the third derivative of -11*u**6/60 - u**5/60 + 3*u**2. Let b be c(-1). Calculate the greatest common divisor of b and l.
21
Suppose 3*t - 117 = 36. Let d = t - 35. Suppose 3*o - 5*o - 5*c = -249, 3*o - c - 331 = 0. Calculate the highest common divisor of o and d.
16
Let t = 22193 - 20767. Calculate the greatest common divisor of t and 828.
46
Suppose -336 = -7*l - 294. Let x be 1/(l/(-4))*(-1323)/14. Calculate the highest common factor of x and 49.
7
Let a be 788 + -1 + 1*11/(11/(-7)). What is the greatest common factor of 117 and a?
39
Let t be (7*(-174)/(-15))/(7*(-1)/(-210)). Calculate the highest common factor of t and 168.
84
Let h = 2055 + -1917. Let v(m) = m**3 - 4*m**2 + 3*m - 6. Let g be v(4). What is the greatest common divisor of g and h?
6
Let z(i) = i**2 + 6*i - 88. Let a be z(8). What is the greatest common factor of 132 and a?
12
Let a be 23/(-2)*(-2 - -4). Let x = a - -79. Let s be 5/(-10)*-292 - (10 + (-40)/10). Calculate the highest common factor of s and x.
28
Let j(f) = 44*f**2 + 81*f + 535. Let m be j(-6). What is the greatest common divisor of m and 497?
71
Suppose -2*s = -246 - 6. Let r(j) = 5*j**2 - 48*j + 99. Let u be r(9). Calculate the greatest common factor of u and s.
18
Let s be (0 - -2) + (-9)/(-1). Let p(t) = -11 + 14*t**2 + 19*t + 9*t - 13*t - 15*t**2. Let y be p(s). Calculate the greatest common divisor of 11 and y.
11
Suppose -b - 85 = 181. Let o = b + 442. What is the highest common divisor of 22 and o?
22
Suppose 0 = -9*m + 34 + 2. Let t be (0 + 10/m)/((-8)/(-16)). Let k = 30 + -20. What is the greatest common factor of t and k?
5
Suppose 3*f = -3*n + 369, 0*f - 11*n + 73 = f. Calculate the highest common divisor of 1472 and f.
64
Let c(f) = -3*f**3 - f**2 - 2*f + 27. Let z be c(-8). Let w = z - 943. What is the highest common divisor of 52 and w?
52
Let k(h) = h**3 - 10*h**2 - 56*h - 333. Let g be k(18). What is the highest common divisor of 243 and g?
9
Suppose -337*z + 334*z + 27 = 0. Let h(f) = 25*f - 81. Let y be h(z). What is the highest common divisor of y and 36?
36
Let c = -5 + 11. Suppose 50 = 7*o - c. Suppose o*j - 13 = 75. What is the highest common divisor of 22 and j?
11
Let l = -77 + 36. Let a = 6 - -44. Let p = l + a. What is the greatest common factor of p and 27?
9
Suppose -2*g - 641 = 43. Let m = -207 - g. Suppose -28*r = -27*r - 5*h - 25, 0 = 3*r - h - 47. Calculate the greatest common divisor of r and m.
15
Let a = -8492 + 8583. What is the greatest common divisor of a and 42?
7
Let j = 653 + -551. Let m = j + 18. What is the highest common divisor of m and 50?
10
Suppose -124*b + 11 = -125*b. Let y(n) = -n**3 - 10*n**2 + 11*n + 10. Let u be y(b). Calculate the greatest common divisor of u and 10.
10
Let g(n) = 29*n - 10*n**2 - 50 - 11*n + 12*n**2. Let f be g(4). Calculate the greatest common divisor of f and 2.
2
Let b = -64109 - -90296. Calculate the highest common factor of 301 and b.
301
Suppose 0 = -24*c + 9*c - 3690. Let n = c - -267. What is the greatest common divisor of 609 and n?
21
Suppose -69 = -4*p - 13. Let c be (-8)/28 + 872/p + 1. Suppose c*v - 58*v = 175. What is the highest common divisor of 315 and v?
35
Let d = 2007 + -1246. Let n = -551 + d. Calculate the greatest common divisor of 168 and n.
42
Let w(x) = 2*x**2 + x + 10. Let s be 0*(49/35 + 2/(-5)). Let a be w(s). Suppose -12*z + a*z + 132 = 0. Calculate the highest common divisor of z and 22.
22
Suppose -u = n - 11, 4*u = u + 5*n + 57. Let s = 7 + -6. Suppose 3*v + s = 7. What is the greatest common divisor of u and v?
2
Let t(j) = 2*j**2 - 227*j - 1893. Let z be t(-8). Suppose -3*g + 77 = -5*o - 275, -2*g + 236 = -2*o. What is the greatest common factor of g and z?
17
Let u = 3107 - 3051. Let a(n) = -n**3 + n**2 + 2*n - 9. Let j be a(-3). What is the greatest common divisor of j and u?
7
Suppose -40*d + 44*d + 76 = 0. Let j = 19 + d. Let c be (0 - j) + 7 + 49. What is the highest common divisor of c and 8?
8
Let a be 38922/65 - 31 - (6/10)/(-3). What is the greatest common divisor of a and 71?
71
Let b be (-1 - 25)*2*(-10)/40. Suppose b*j = 2*j + 121. Calculate the highest common factor of 55 and j.
11
Suppose -73*l = 1044 - 4840. What is the greatest common factor of 6266 and l?
26
Let s(x) = -3*x**3 - x**2 - 31*x. Let z be s(-6). What is the greatest common factor of z and 56?
14
Suppose 0 = 4*q + 2*y - 23 - 3, 4*y = 5*q - 52. Let f be -12*(6 - 8)/2. Calculate the highest common factor of f and q.
4
Let w(j) = -438*j - 2580. Let o be w(-6). What is the greatest common divisor of o and 1104?
48
Let s(a) = 144*a**2 - 1. Let n be s(2). Suppose -110*p = 88659 - 93719. Calculate the highest common factor of p and n.
23
Suppose 5*s - 422 = -152. Suppose -5*v - 5*z = -5 - 35, 5*v - 2*z - s = 0. Calculate the greatest common factor of v and 30.
10
Let p = 32 + -16. Suppose 159 = -51*r + 54*r. Let s = -49 + r. What is the greatest common divisor of s and p?
4
Let w be 1*6/4*2*111. Suppose 0 = 5*z - w - 102. Let s be 6/(-4)*-2 + z. Calculate the greatest common divisor of 225 and s.
45
Let c(j) = -j**3 + 4*j**2 + 11*j + 10. Let u be c(6). Suppose -2*v - 3 = -5*z, 8 = 4*v + u*z - 0. What is the greatest common factor of 1 and v?
1
Let o = -1479 - -2103. Let w = 292 + -214. What is the highest common factor of w and o?
78
Suppose 2*m = -3*j + 2493, 1053 = -3*m - j + 4782. Calculate the highest common factor of 46 and m.
46
Let r = -27 - -63. Suppose -47*s - 4*d + 50 = -44*s, -4*s - 5*d + 67 = 0. Calculate the greatest common divisor of r and s.
18
Let l(v) = 4*v**2 - 8*v + 2. Let w be l(-8). Let s(y) = 36*y - 1142. Let x be s(33). What is the greatest common divisor of w and x?
46
Let k = 41 - 36. Suppose -k*l - q + 29 = -2*l, 25 = 5*q. Suppose 2*o - 8 = j, 0 = 6*o - l*o + 5*j - 8. What is the greatest common divisor of 48 and o?
6
Suppose 4*r = 11*p - 7*p - 32740, 40917 = 5*p - 4*r. Calculate the greatest common divisor of 1768 and p.
221
Let m be (-26)/117 + 156/(-27). Let y be ((-16)/m + -2)*936/13. Calculate the greatest common divisor of y and 12.
12
Let h be (2/4)/(3/12). Let g(z) = -z**3 + 3*z**2 + 5*z + 2. Let k be g(4). Suppose 640 = h*s + k*s. Calculate the highest common divisor of s and 32.
16
